et w(o) = 4*o - 1. Let j be w(1). What is the remainder when j/(-12) - 137/(-4) is divided by c(2)?
10
Suppose -s + 72 = s. Suppose 5*g = -c + 92, 4*g - 2*c = 58 + 24. Calculate the remainder when s is divided by g.
17
Calculate the remainder when (1/(-3))/((-296)/294 - -1) is divided by 25.
24
Suppose 2*p - 44 = -4*b, -3*b - 3*p = -8*b + 44. Suppose 4*s = -3*r + 8, -3*r + 2*r = -3*s - 7. Calculate the remainder when b is divided by r.
2
Let f(l) = -l**2. Let c(k) = k**3 - k**2 + k - 1. Let d(r) = c(r) - 2*f(r). Calculate the remainder when 7 is divided by d(1).
1
Suppose -10 - 5 = -5*q. Suppose -2*m = m - q*b - 21, 21 = 3*m - b. What is the remainder when 13 is divided by m?
6
Let i = 40 + -15. Calculate the remainder when 47 is divided by i.
22
Suppose -4*o + 54 = -o - 3*c, -c = -3*o + 48. Suppose 5*m - 16 = 4. What is the remainder when o is divided by m?
3
Calculate the remainder when 62 is divided by ((-36)/(-45))/((-1)/(-5)).
2
Suppose 18 = 5*l - 3*g, 12*l - g - 20 = 8*l. Calculate the remainder when (-4)/10 - 224/(-10) is divided by l.
4
Let b be (-2 + (-6 - -3))/(-1). Suppose b*p - y - 60 = 0, -4*p - y + 27 + 30 = 0. Calculate the remainder when 23 is divided by p.
10
Let u(c) = 3*c**2 + 19*c - 5. Let m(g) = 2*g**2 + 10*g - 2. Let f(a) = 5*m(a) - 3*u(a). Let z be -3*2/3 + 9. What is the remainder when 8 is divided by f(z)?
3
Suppose -5*u + t = -68, -56 = -5*u - 0*t - 3*t. What is the remainder when 49 is divided by u?
10
Suppose 3*i = 8*i - 35. Let g = i - -12. Let n = 15 + g. What is the remainder when n is divided by 12?
10
Suppose x - 13 = 4*x - 2*l, -4*l + 18 = 2*x. Let i(s) be the second derivative of -23*s**3/6 + s**2/2 - s. Calculate the remainder when i(x) is divided by 13.
11
Let u(r) = -r**3 - 15*r**2 + 13*r - 3. Calculate the remainder when u(-16) is divided by 24.
21
Suppose -4*j + 3*a - 4 = -14, -12 = -j - 4*a. Suppose -150 = -4*n - 2*y, -5*n + 220 = -0*y - j*y. What is the remainder when n is divided by (2 + -6)/2*-7?
12
Let s(k) = k**2 - k. Let z be s(1). Suppose z = -0*g + 3*g - 72. What is the remainder when 46 is divided by g?
22
Let a(g) = g**2 + 2*g - 1. Let c be a(-2). Let w(p) = 2*p**3 + 34*p**2 + 2*p + 37. What is the remainder when w(-17) is divided by (-4 + -1 - -2)/c?
0
Let n be (-20)/16*(-29 - -1). Suppose 0 = t + 5*h - 27, 3*h + 2*h = 3*t - 21. Let c = n - t. What is the remainder when c is divided by 12?
11
Suppose -3*l + 752 = 5*x, 87 = 3*l - x - 659. Calculate the remainder when l is divided by 42.
39
Let q(b) = -b + 11. Calculate the remainder when 41 is divided by q(0).
8
Suppose 5*b = -6 + 36. Let u(y) = 8*y. Let c be u(2). What is the remainder when -5*(c/(-5) - 0) is divided by b?
4
Suppose -l + 3*p = -32, 4*p + 55 = 2*l - 19. Let n = l - 25. What is the remainder when n is divided by 5*-12*(-4)/30?
6
Let k be 2/(1 - 3)*24. Let q be (4/3)/(16/k). Let y = q + 20. What is the remainder when y is divided by 10?
8
Let z = 176 + -114. Suppose z + 3 = 5*d. Calculate the remainder when d is divided by 7.
6
Let b(n) = 6*n**2 - 2*n - 2. What is the remainder when b(-3) is divided by 15?
13
Let t(i) = -10*i**2 - 8*i + 3 + 9*i**2 - 6*i. Calculate the remainder when t(-12) is divided by 14.
13
Let j(u) = -u**2 + 19*u + 11. Calculate the remainder when j(17) is divided by 10.
5
Suppose -4*a + 63 = 4*m - 29, 2*a - m - 40 = 0. Calculate the remainder when 39 is divided by a.
18
Suppose -4 = 4*u + m - 3*m, 2*u + 3*m = 14. Let i = 4 - u. Let g = i + 33. Calculate the remainder when g is divided by 19.
17
Let n(t) = t**3 + 6*t**2 - 3*t - 2. Let m be n(-6). Suppose -d + 2*d + p - 7 = 0, -d + m = -2*p. Calculate the remainder when 29 is divided by d.
9
Suppose 1 = -w - 9. Let d(v) = v**3 + 11*v**2 + 6*v + 4. Calculate the remainder when d(w) is divided by 15.
14
Suppose -8*q + 10 + 54 = 0. Calculate the remainder when 38 is divided by q.
6
Let h = 18 + -12. Let s(j) = j**2 - 8. What is the remainder when s(-5) is divided by h?
5
Suppose -4*i + 0*i - 4 = 0, 0 = -2*c - 3*i + 13. Calculate the remainder when 30 is divided by c.
6
Let h = -16 - -19. What is the remainder when h is divided by 3?
0
Suppose y + 4*s = 42, -1 - 2 = y - 5*s. Let o = -12 + y. Let k(j) = 36*j**3 + j. Calculate the remainder when k(1) is divided by o.
7
Suppose 4*m - 26 = 22. Suppose 3*s = 6*s - 276. Suppose 2*k = 6*k - s. Calculate the remainder when k is divided by m.
11
Let v(q) be the third derivative of q**5/60 - q**4/4 + 10*q**3/3 + q**2. Calculate the remainder when v(8) is divided by 13.
10
Let k = -3 + 45. Suppose -3*i - h + 48 = 0, 4*i + 26 = 4*h + 74. What is the remainder when k is divided by i?
12
Let w = -6 - -10. Suppose w*j = 2*j. Suppose 165 = 5*f - j*f. Calculate the remainder when f is divided by 17.
16
Suppose -45 = 5*x - 220. What is the remainder when x is divided by 9?
8
Suppose -3*l = p - 8*l + 15, -4*l + 20 = 0. What is the remainder when p is divided by 1/(-1 + 0)*-4?
2
Let w = 29 - 21. Let y = 68 - 45. What is the remainder when y is divided by w?
7
What is the remainder when 39 is divided by 1/((3/(-10))/(-3))?
9
Suppose 27 = -5*t + 87. Let q(m) = m**2 + 34. Suppose -2*x = -7*x. What is the remainder when q(x) is divided by t?
10
Calculate the remainder when 74 is divided by 4/(-6) + 77/3.
24
Suppose -12 = -3*s + y, 30 = 3*s - 0*s + 5*y. Calculate the remainder when s is divided by 3.
2
Let r(b) = -b**2 - 13*b + 16. What is the remainder when 29 is divided by r(-13)?
13
Suppose 107 = -4*a + 499. What is the remainder when a is divided by 25?
23
Calculate the remainder when -5*3/((-15)/46) is divided by 16.
14
Suppose 88 + 16 = 2*w. Calculate the remainder when 203 is divided by w.
47
Suppose 5*y + 18 = -4*m, 2*y - y + 9 = m. Suppose 5*f = -2*k + 50, 5*f + 1 = -3*k + 51. Let r = f + y. What is the remainder when r is divided by 2?
0
Let s(n) = -9*n**3 + n**2 + 2*n + 1. Let j be s(-1). Let b = j + 25. Calculate the remainder when (b/(-3))/(1/(-3)) is divided by 12.
10
Let q be -1 - -8*(0 + 11). Suppose -q = -7*s + 4*s. Suppose 2*x - 77 - s = 0. What is the remainder when x is divided by 18?
17
Let d be (-4 - -20) + 2/(-2). Let x = d + -11. What is the remainder when 7 is divided by x?
3
Let q = -3 + 43. Calculate the remainder when q is divided by 7.
5
Let d(v) = v**2 - v - 1. What is the remainder when 56 is divided by d(-4)?
18
Suppose 0 = -2*n + 5*n - 162. Let q = -41 - -57. What is the remainder when q is divided by (4/6)/(4/n)?
7
Let o(p) = -5*p - p + 2*p + p + 1. Suppose g + 0*g + 6 = 0. What is the remainder when o(g) is divided by 5?
4
Suppose -3*r - 47 = -r + 3*z, 0 = -4*r - 4*z - 84. Suppose -3*x + 24 = 2*g - 2*x, 62 = 3*g - 5*x. Calculate the remainder when g is divided by (r/6)/(4/(-12)).
6
Suppose -2*h - 28 = -6*h. Let f(p) = p**2 + 7*p - 3. Calculate the remainder when h is divided by f(-8).
2
Let q = 96 + -44. What is the remainder when q is divided by 27?
25
Calculate the remainder when (-1232)/(-36) - 12/54 is divided by 18.
16
Suppose 0 = -2*j + 11 + 3. Let r = 91 + -54. Suppose 5*n - 50 = 2*i + r, -3*i = 5*n - 107. Calculate the remainder when n is divided by j.
5
Let g be (-1 + 0)*(-236 + -9). Suppose 0 = -5*a - 5*u + g - 20, 5*a = 4*u + 198. What is the remainder when a is divided by 15?
12
Let k(w) = -w**3 + 7*w**2 - 3*w - 2. Calculate the remainder when 97 is divided by k(3).
22
Let s = 80 + -70. Calculate the remainder when 26 is divided by s.
6
Suppose -7*i = -2*i + 55. Let b(r) = 36*r. Let c be b(1). Let t = i + c. Calculate the remainder when t is divided by 13.
12
Let a = 89 + -61. Suppose -3*k - 15 = -r, -5*r + 75 = 3*k + k. What is the remainder when a is divided by r?
13
Let y = 89 + 101. Calculate the remainder when y is divided by 48.
46
What is the remainder when (-8)/(2 + -4) + 72 is divided by 26?
24
Let j(a) = a**2 + 5*a - 1. Let g be j(-5). Calculate the remainder when 17 is divided by -15*g*(-6)/(-10).
8
Let i be (1 - 2)*(1 + -4). Suppose -28 = -2*u + z + i*z, 0 = -4*u - 4*z + 56. Let m = 265 + -261. What is the remainder when u is divided by m?
2
Let i be 6/9 + (-104)/(-6). Suppose -d - 1 = -i. What is the remainder when 66 is divided by d?
15
Let k(r) = -2*r**2 - 4. Let z be k(3). Let s = z + 32. Suppose 4*q - 3*i - 33 - 24 = 0, 4*q = 4*i + 52. What is the remainder when q is di